base 9.
-606243
22321312 (base 4) to base 13
17437
What is -14420211 (base 7) in base 5?
-322210100
-20304430 (base 5) to base 7
-1261444
435100 (base 6) to base 10
36108
-110010111010101111 (base 2) to base 9
-347072
Convert 11001000110011110010 (base 2) to base 16.
c8cf2
-9dc0e5 (base 16) to base 14
-1531989
What is 10514432 (base 6) in base 16?
4e674
-21211122110210 (base 3) to base 12
-148a963
Convert 3a4551 (base 11) to base 5.
130314143
What is -55b15 (base 13) in base 12?
-76103
-20134403 (base 5) to base 8
-474075
What is 23042321 (base 5) in base 4?
302102021
Convert -16c1 (base 15) to base 6.
-34414
-277486 (base 9) to base 2
-101001011000111010
209a1 (base 15) to base 8
312002
Convert -111133011 (base 4) to base 13.
-31098
122201002101 (base 3) to base 4
1111011232
Convert 232310502 (base 6) to base 2.
10000011101111111100110
1224531 (base 7) to base 14
41688
Convert 2102111100 (base 3) to base 16.
ba81
Convert 1032120001 (base 4) to base 3.
121022100211
-3214314441 (base 5) to base 8
-31721277
Convert -64135355 (base 7) to base 3.
-101020021012202
Convert -111000100100101100101010 (base 2) to base 7.
-240025153
-1105153 (base 6) to base 10
-55581
-10a027 (base 11) to base 16
-2a936
What is 12110401 (base 5) in base 12?
55636
Convert -1b0763 (base 12) to base 8.
-1645473
What is 101111010011010 (base 2) in base 13?
b03c
What is 113123302111 (base 4) in base 16?
5dbc95
3144430 (base 5) to base 13
1b23a
841a4 (base 16) to base 2
10000100000110100100
What is 6898f (base 16) in base 11?
272983
-77938 (base 10) to base 9
-127817
Convert 60311 (base 11) to base 12.
43079
What is 241215412 (base 6) in base 13?
c311b4
What is -3d15a (base 14) in base 12?
-735b8
Convert -1523041 (base 6) to base 5.
-10320201
-10231032221 (base 4) to base 9
-2280445
Convert 330063 (base 10) to base 8.
1204517
Convert -11222332 (base 4) to base 13.
-a75c
What is -105441150 (base 6) in base 14?
-38a638
What is -3201455 (base 9) in base 4?
-12202111310
What is 333214442 (base 5) in base 14?
2a0422
What is -3424002033 (base 5) in base 9?
-15335301
What is -11635643 (base 7) in base 10?
-1051277
What is 125950b (base 14) in base 11?
4a868a5
Convert -a967d (base 16) to base 9.
-1266743
-48a52 (base 14) to base 8
-532760
-1bac1de (base 15) to base 8
-115316566
-245725 (base 10) to base 8
-737735
3000021112 (base 4) to base 7
6455356
What is -269d2 (base 14) in base 11?
-65616
-138265 (base 16) to base 13
-359c62
Convert 1174820 (base 9) to base 3.
1012111220200
-92792e (base 15) to base 16
-6a38a7
Convert -3045121 (base 6) to base 4.
-203231221
Convert -4042124 (base 6) to base 2.
-101110111100100100
-111011101100011110 (base 2) to base 5
-30311020
What is -159026 (base 11) in base 15?
-4ce78
-56435 (base 12) to base 13
-40265
Convert 11011033131 (base 4) to base 7.
14215635
Convert -2143251 (base 6) to base 3.
-12102210211
What is 75632 (base 12) in base 4?
211301012
What is 312348 (base 12) in base 9?
1404762
What is -12222120201 (base 4) in base 14?
-336677
135300 (base 7) to base 8
62420
5cfcee (base 16) to base 12
205a7a6
52cb (base 13) to base 8
26342
What is -141211410 (base 7) in base 8?
-43112377
Convert 1113114 (base 5) to base 9.
30122
Convert 10566236 (base 8) to base 10.
2288798
What is 2531a (base 14) in base 2?
10110010000011100
120021001020211 (base 3) to base 8
36740345
What is -210d1c (base 15) in base 2?
-101111111110111100111
What is -54c7a2 (base 13) in base 16?
-1e7e34
Convert -455252 (base 9) to base 7.
-2214332
What is -6a4c4 (base 14) in base 8?
-771514
22241413 (base 5) to base 8
577603
1100000010111101 (base 2) to base 13
195c6
What is 1227616 (base 8) in base 2?
1010010111110001110
What is 132201632 (base 7) in base 11?
4889a30
Convert -3245723 (base 9) to base 7.
-20546223
Convert -1087436 (base 10) to base 8.
-4113714
What is -11b443 (base 14) in base 8?
-2242043
What is -191024 (base 14) in base 15?
-127949
-59edde (base 16) to base 10
-5893598
Convert 292524 (base 10) to base 2.
1000111011010101100
What is -101000110101101100 (base 2) in base 11?
-10474a
What is -321022101 (base 4) in base 3?
-102220011110
Convert -7436876 (base 10) to base 12.
-25a78b8
What is 21123300232 (base 4) in base 12?
9b317a
Convert 20341236 (base 7) to base 3.
10012202100200
What is -43133426 (base 7) in base 6?
-210413422
What is -100020220202 (base 3) in base 16?
-2c7ad
Convert 6820160 (base 10) to base 16.
681140
4357b7 (base 13) to base 15
21414d
What is 3001032211 (base 4) in base 14?
16860d
What is -1b3d33 (base 14) in base 3?
-1211100021022
Convert 13401532 (base 6) to base 15.
8db4e
Convert -1b6e9 (base 16) to base 6.
-2224105
What is 1340343441 (base 5) in base 4?
31022100033
What is 34003330 (base 5) in base 4?
1020211330
-1017c37 (base 14) to base 15
-9edb5b
What is 61722061 (base 8) in base 2?
110001111010010000110001
3313111023 (base 5) to base 14
d45546
What is -2445634 (base 7) in base 12?
-131984
Convert 150e7c (base 15) to base 12.
40b9b3
Convert 1241428 (base 9) to base 14.
138954
10762229 (base 10) to base 15
e28c1e
What is -2440240311 (base 5) in base 15?
-7958a6
-1120351 (base 7) to base 3
-21002021111
What is -e1a3d (base 15) in base 14?
-14850d
Convert -1100110001111010011000 (base 2) to base 6.
-155450012
17c54 (base 14) to base 12
2a902
What is 821474 (base 16) in base 10?
8524916
What is -1063426 (base 7) in base 13?
-4889b
-2232221003 (base 4) to base 2
-10101110101001000011
Convert 2003213321 (base 4) to base 15.
a9b1e
Convert -1475607 (base 8) to base 14.
-b0b79
Convert -35084c (base 14) to base 5.
-430312223
-626736 (base 9) to base 12
-15b606
Convert aa036 (base 15) to base 7.
4406331
1b439c5 (base 13) to base 12
30378b9
-7152 (base 11) to base 3
-111000200
-210220011220 (base 3) to base 9
-726156
Convert 210220020222102 (base 3) to base 9.
23806872
Convert -3135167 (base 12) to base 3.
-122110100211021
What is 307c98 (base 14) in base 13?
453370
20615356 (base 8) to base 14
8269b0
Convert 1776007 (base 13) to base 4.
131020333000
-418491 (base 11) to base 7
-5460402
What is 11010100101111001111010 (base 2) in base 11?
3a31465
What is 15cab8 (base 14) in base 3?
1102212022122
-40bb (base 16) to base 10
-16571
What is -110430 (base 12) in base 2?
-1000001111101100100
-8372 (base 12) to base 4
-3200012
a587bd (base 14) to base 16
555ad3
Convert 4130212132 (base 5) to base 11.
4848670
-1043404031 (base 5) to base 7
-25523634
Convert -2322033304 (base 5) to base 7.
-62530316
Convert -178317 (base 10) to base 13.
-63219
What is 2685ba (base 14) in base 7?
14204223
-2222221222020 (base 3) to base 15
-217283
20114011 (base 5) to base 3
22011011200
Convert 4c6534 (base 13) to base 4.
13001230312
-ba8472 (base 12) to base 10
-2958998
What is -737a (base 14) in base 5?
-1114104
Convert -cd52 (base 14) to base 15.
-a7ed
Convert 10010000110011101 (base 2) to base 4.
102012131
5bc48 (base 13) to base 5
20402220
Convert 247a8a6 (base 11) to base 3.
22002200021002
Convert 102353 (base 7) to base 10.
17678
Convert -240435 (base 13) to base 12.
-354326
-313148 (base 9) to base 10
-186020
What is 2201212211 (base 3) in base 14?
158b2
Convert -506445 (base 11) to base 4.
-3012223032
-2217a0 (base 12) to base 16
-84528
What is 141707 (base 8) in base 9?
75667
Convert 4a0a614 (base 11) to base 16.
84ea95
What is -1023211320 (base 4) in base 9?
-521646
Convert 1001012002011 (base 3) to base 5.
120223302
ce39 (base 16) to base 15
10998
-8a172 (base 13) to base 10
-250720
-141332400 (base 5) to base 4
-2302103232
Convert -112112231220 (base 4) to base 11.
-3342945
What is -298902 (base 12) in base 4?
-2222300102
What is -33140a (base 16) in base 13?
-902865
What is -434516 (base 7) in base 10?
-76061
Convert -8b5680 (base 12) to base 8.
-10400200
-124025003 (base 7) to base 9
-15753608
What is 50205025 (base 6) in base 12?
583775
Convert 303172 (base 8) to base 16.
1867a
Convert -2671065 (base 8) to base 12.
-302131
Convert 10000110000010100 (base 2) to base 15.
15503
11133133011 (base 4) to base 10
1439685
Convert -1111110000000010 (base 2) to base 6.
-1214402
Convert -2312231011 (base 4) to base 10.
-748357
What is 122321 (base 8) in base 14?
1153b
Convert -116b57b (base 12) to base 10.
-3379055
Convert 52581 (base 10) to base 11.
36561
Convert